 414?
138
What is the highest common factor of 1219 and 159?
53
Calculate the highest common factor of 39 and 377.
13
Calculate the highest common divisor of 25 and 200.
25
Calculate the highest common factor of 279 and 27.
9
Calculate the highest common divisor of 328 and 41.
41
Calculate the greatest common divisor of 1094 and 2.
2
Calculate the highest common divisor of 104 and 182.
26
Calculate the greatest common divisor of 57 and 912.
57
What is the highest common factor of 399 and 1064?
133
What is the greatest common divisor of 13 and 3029?
13
Calculate the greatest common divisor of 768 and 6.
6
What is the highest common factor of 420 and 105?
105
Calculate the greatest common factor of 1886 and 1148.
82
What is the greatest common factor of 490 and 20?
10
Calculate the greatest common divisor of 231 and 224.
7
What is the greatest common divisor of 136 and 204?
68
What is the greatest common divisor of 33 and 1419?
33
Calculate the greatest common divisor of 30 and 110.
10
Calculate the greatest common factor of 39 and 221.
13
Calculate the greatest common divisor of 8 and 1324.
4
What is the highest common divisor of 126 and 2604?
42
Calculate the highest common factor of 60 and 8220.
60
Calculate the highest common factor of 1368 and 20178.
342
Calculate the greatest common divisor of 3942 and 108.
54
What is the greatest common divisor of 172 and 301?
43
Calculate the greatest common divisor of 864 and 108.
108
Calculate the greatest common factor of 147 and 833.
49
What is the greatest common factor of 99 and 15?
3
What is the greatest common divisor of 296 and 148?
148
What is the highest common factor of 340 and 544?
68
What is the highest common divisor of 5520 and 368?
368
Calculate the greatest common divisor of 1520 and 60.
20
What is the highest common divisor of 369 and 18?
9
Calculate the greatest common factor of 18 and 4248.
18
Calculate the highest common factor of 93 and 8.
1
What is the highest common factor of 20 and 20?
20
What is the greatest common divisor of 95 and 1510?
5
Calculate the highest common factor of 497 and 781.
71
What is the greatest common factor of 2 and 4766?
2
Calculate the greatest common divisor of 3925 and 25.
25
What is the highest common factor of 656 and 41?
41
Calculate the greatest common factor of 54 and 1431.
27
What is the highest common divisor of 4 and 8972?
4
What is the greatest common divisor of 57 and 76?
19
Calculate the greatest common divisor of 2346 and 102.
102
Calculate the highest common factor of 1132 and 16.
4
Calculate the highest common divisor of 488 and 3782.
122
What is the highest common divisor of 583 and 22?
11
Calculate the highest common divisor of 4429 and 103.
103
Calculate the highest common factor of 3916 and 445.
89
What is the greatest common factor of 142 and 497?
71
Calculate the greatest common factor of 77 and 55.
11
Calculate the greatest common factor of 324 and 96.
12
What is the greatest common factor of 266 and 6?
2
Calculate the greatest common divisor of 205 and 140.
5
What is the greatest common factor of 468 and 576?
36
Calculate the highest common divisor of 9000 and 135.
45
What is the highest common factor of 1024 and 32?
32
Calculate the greatest common factor of 19412 and 92.
92
What is the greatest common divisor of 122 and 2?
2
What is the greatest common divisor of 58 and 9773?
29
Calculate the highest common factor of 4 and 50.
2
Calculate the greatest common factor of 90 and 81.
9
Calculate the greatest common divisor of 100 and 16.
4
Calculate the highest common factor of 40 and 210.
10
Calculate the highest common divisor of 14 and 42.
14
What is the highest common divisor of 1127 and 46?
23
What is the highest common factor of 12 and 12?
12
What is the greatest common divisor of 220 and 20?
20
Calculate the greatest common factor of 187 and 99.
11
What is the greatest common factor of 165 and 24?
3
What is the greatest common factor of 120 and 768?
24
What is the highest common factor of 18889 and 13?
13
What is the highest common factor of 44 and 946?
22
Calculate the greatest common factor of 6344 and 104.
104
Calculate the greatest common factor of 4 and 652.
4
What is the greatest common factor of 38 and 1102?
38
Calculate the highest common divisor of 144 and 528.
48
What is the highest common factor of 44 and 209?
11
Calculate the greatest common divisor of 1417 and 218.
109
What is the highest common factor of 29392 and 352?
176
What is the greatest common divisor of 29 and 696?
29
Calculate the highest common factor of 4029 and 153.
51
Calculate the greatest common divisor of 406 and 42.
14
Calculate the highest common factor of 34 and 4454.
34
Calculate the greatest common divisor of 66 and 714.
6
Calculate the highest common factor of 3920 and 126.
14
What is the greatest common divisor of 512 and 208?
16
What is the highest common factor of 27 and 3?
3
Calculate the greatest common factor of 216 and 54.
54
What is the greatest common factor of 91 and 4927?
13
Calculate the greatest common factor of 146 and 28.
2
What is the highest common factor of 468 and 144?
36
Calculate the greatest common divisor of 1701 and 105.
21
Calculate the greatest common factor of 803 and 3139.
73
Calculate the greatest common divisor of 605 and 5.
5
What is the greatest common divisor of 49 and 77?
7
What is the greatest common factor of 73 and 5329?
73
Calculate the highest common factor of 315 and 441.
63
Calculate the highest common divisor of 195 and 1040.
65
What is the greatest common divisor of 1102 and 174?
58
Calculate the greatest common divisor of 406 and 266.
14
What is the highest common factor of 117 and 2158?
13
Calculate the greatest common factor of 186642 and 18.
18
Calculate the highest common divisor of 2 and 24.
2
What is the greatest common divisor of 168 and 1896?
24
What is the highest common divisor of 40 and 12440?
40
What is the greatest common divisor of 378 and 3618?
54
Calculate the greatest common divisor of 84 and 308.
28
What is the greatest common divisor of 938 and 63?
7
Calculate the greatest common divisor of 135 and 55.
5
What is the highest common factor of 30350 and 50?
50
Calculate the greatest common factor of 5 and 255.
5
What is the highest common divisor of 112 and 4560?
16
Calculate the highest common divisor of 90 and 21390.
30
Calculate the highest common divisor of 575 and 25.
25
What is the greatest common factor of 2088 and 144?
72
What is the greatest common divisor of 3053 and 71?
71
Calculate the greatest common divisor of 182 and 1118.
26
Calculate the greatest common divisor of 4 and 128.
4
What is the highest common divisor of 240 and 100?
20
What is the greatest common factor of 120 and 1790?
10
What is the highest common divisor of 4498 and 26?
26
Calculate the highest common divisor of 147 and 21.
21
What is the greatest common divisor of 25 and 3425?
25
What is the greatest common factor of 98 and 2?
2
What is the greatest common factor of 3321 and 41?
41
Calculate the greatest common factor of 200 and 80.
40
What is the greatest common divisor of 465 and 26195?
155
Calculate the greatest common divisor of 695 and 973.
139
Calculate the greatest common divisor of 165 and 45.
15
Calculate the highest common divisor of 56 and 343.
7
Calculate the greatest common factor of 1386 and 336.
42
What is the greatest common factor of 994 and 14?
14
Calculate the greatest common factor of 189 and 112.
7
What is the greatest common factor of 20 and 22970?
10
What is the greatest common factor of 160 and 128?
32
What is the greatest common factor of 3024 and 2646?
378
What is the highest common factor of 775 and 1085?
155
Calculate the greatest common factor of 72 and 12744.
72
What is the greatest common factor of 6445 and 15?
5
Calculate the greatest common factor of 96 and 60.
12
What is the greatest common factor of 639 and 142?
71
Calculate the greatest common factor of 2172 and 1991.
181
Calculate the greatest common divisor of 48 and 1376.
16
Calculate the highest common factor of 403 and 104.
13
Calculate the highest common factor of 21 and 4.
1
What is the highest common divisor of 147 and 651?
21
Calculate the greatest common divisor of 1111 and 209.
11
What is the highest